0489851. Determine l(47).
9
Let v(p) = 4*p**3 - 2*p**2 + 251*p - 2395. Determine v(9).
2618
Let x(t) = 5*t**2 - 596*t - 1055. Give x(121).
34
Let o(y) = 780*y + 3428. Determine o(-5).
-472
Let j(z) = 2*z**3 - 581*z**2 - 29077*z + 6328. Give j(334).
-18
Let z(g) = 3*g**2 + 1703*g - 7415. Give z(-572).
21
Let k(d) = -2*d**3 + 21*d**2 - 163*d + 764. Determine k(5).
224
Let v(a) = -3*a**3 - 482*a**2 + 169*a + 1342. What is v(-161)?
54
Let s(o) = -o**2 - 11475*o + 414452. Give s(36).
56
Let u(i) = -1008*i**2 - 18148*i + 1. What is u(-18)?
73
Let a(u) = -5969*u + 15680. Determine a(3).
-2227
Let x(i) = -2096*i + 48218. Give x(23).
10
Let k(n) = n**3 + 96*n**2 + 1151*n + 27. Determine k(-14).
-15
Let w(i) = -i**3 + 11*i**2 + 21393*i - 106959. Give w(5).
156
Let f(y) = -2875*y + 169674. Determine f(59).
49
Let h(o) = -4302*o + 42999. What is h(10)?
-21
Let n(k) = -k**2 + 199*k - 632. Give n(196).
-44
Let q(t) = -71699*t + 501935. What is q(7)?
42
Let z(v) = v**3 + 195*v**2 + 29*v - 68905. Determine z(-193).
-4
Let s(k) = -18*k**3 - 6335*k**2 + 336*k - 5630. Calculate s(-352).
2
Let a(g) = 16*g**2 + 11072*g - 135176. Determine a(-704).
-8
Let f(b) = 11889*b + 737132. Calculate f(-62).
14
Let h(z) = -5*z**2 + 236*z + 2056. What is h(-8)?
-152
Let x(d) = 56*d + 6596. Determine x(-115).
156
Let k(f) = 7*f**2 - 3*f - 3770. Determine k(-23).
2
Let o(d) = -268*d**2 + 424*d + 814. Give o(-2).
-1106
Let w(z) = 5*z**3 - 24*z**2 + 38*z + 7. Calculate w(2).
27
Let n(a) = 2481*a**2 + 9920*a - 16. Determine n(-4).
0
Let w(r) = -r**3 + 16*r**2 + 22*r - 98. What is w(17)?
-13
Let p(j) = -j**3 + 11*j**2 + 51*j - 320. Calculate p(17).
-1187
Let p(q) = -259*q - 15273. Calculate p(-59).
8
Let s(v) = v**2 - 26266*v - 12. Calculate s(0).
-12
Let y(l) = -17*l**2 - 444*l + 909. Determine y(-28).
13
Let w(x) = -x**3 + 36*x**2 + 111*x - 6923. Determine w(33).
7
Let x(h) = 122*h**2 + 13177*h + 170. Determine x(-108).
62
Let m(n) = -11*n**3 + 2321*n**2 + 39*n - 8232. Give m(211).
-3
Let g(l) = 4*l**3 + 777*l**2 - 578*l + 2560. Determine g(-195).
1195
Let l(k) = -k**3 + 189*k**2 - 211*k + 4343. What is l(188)?
19
Let m(s) = -s**3 + 71*s**2 - 335*s + 463. Determine m(66).
133
Let i(p) = 3272*p - 39884. What is i(12)?
-620
Let u(x) = 975*x + 2663. Give u(-2).
713
Let a(m) = 90*m**2 - 18085*m - 1009. Give a(201).
-4
Let r(t) = -32404*t - 1426148. What is r(-44)?
-372
Let m(w) = 422*w + 50295. Give m(-119).
77
Let g(u) = u**2 + 121*u - 944. Give g(-112).
-1952
Let u(v) = -v**2 - 28*v + 6675. What is u(-97)?
-18
Let o(p) = 16*p**3 + 2632*p**2 + 1315*p + 473. Determine o(-164).
-19
Let i(y) = 3*y**3 + 272*y**2 - 92*y - 12. Give i(-91).
79
Let z(a) = 380374*a - 4184149. Calculate z(11).
-35
Let f(i) = i**2 + 1022*i - 219192. What is f(182)?
-64
Let u(k) = -11466*k + 57326. Determine u(5).
-4
Let x(p) = p**2 - 218*p - 12236. Calculate x(-45).
-401
Let o(j) = j**3 + 55*j**2 + 750*j - 78. Calculate o(-33).
-870
Let o(y) = -204*y - 20990. Calculate o(-104).
226
Let j(z) = -z**2 + 34*z - 1027. Give j(32).
-963
Let p(y) = 121*y - 562. Calculate p(5).
43
Let w(r) = -28*r**3 - 811*r**2 + 31*r + 188. Calculate w(-29).
130
Let n(k) = 773*k - 1574. What is n(2)?
-28
Let n(c) = -c**3 - 32*c**2 + 38*c - 1146. Give n(-34).
-126
Let t(i) = -2*i**3 - 85*i**2 - 831*i + 88. Give t(-15).
178
Let f(l) = 58*l**2 - 4007*l - 103329. Calculate f(-20).
11
Let c(s) = -2*s**3 + 330*s**2 + 470*s + 32785. Calculate c(167).
-281
Let o(u) = u**3 + 93*u**2 + 831*u + 299. Calculate o(-83).
216
Let t(n) = -n**3 + 58*n**2 + 1653*n - 97206. Calculate t(57).
264
Let z(g) = 1837*g**3 + 3*g**2 + 244*g - 246. What is z(1)?
1838
Let v(r) = r**3 - 508*r**2 + 5007*r - 242. Calculate v(10).
28
Let f(x) = -5*x**3 + 37*x**2 + 14*x - 15. Calculate f(1).
31
Let s(r) = 6*r**3 + r**2 - 11*r - 12. What is s(0)?
-12
Let b(u) = -26*u**2 + 82*u - 189. What is b(6)?
-633
Let o(u) = -88*u**3 + 1322*u**2 - 17*u - 196. Give o(15).
-1
Let x(d) = 22*d**3 + 8*d**2 - 190*d + 558. Determine x(3).
654
Let b(q) = 597*q**2 - 61131*q - 37084. Calculate b(103).
-4
Let k(l) = l**2 + 10658*l - 85512. What is k(8)?
-184
Let r(j) = -7803*j + 218452. Determine r(28).
-32
Let t(f) = -f**3 - 188*f**2 + 568*f + 582. Determine t(-191).
1537
Let t(s) = -3755*s**3 + 8*s**2 - 10*s - 12. Determine t(-1).
3761
Let i(c) = -59*c**2 - 333*c - 771. Calculate i(-4).
-383
Let i(b) = 2*b**2 + 312*b + 3856. Give i(-142).
-120
Let f(j) = -3*j**3 - 204*j**2 + 163*j + 57. Determine f(-69).
3093
Let u(l) = 2121*l - 769928. What is u(363)?
-5
Let n(u) = 47*u**2 + 363*u - 1474. What is n(4)?
730
Let i(x) = -10067*x + 312831. Calculate i(31).
754
Let p(l) = 3728*l + 876082. Calculate p(-235).
2
Let d(p) = 17*p**3 - 100*p**2 - 3*p - 32. Give d(6).
22
Let z(u) = 5*u**2 + 513*u - 586. What is z(-104)?
142
Let j(p) = -2684*p - 260321. Determine j(-97).
27
Let j(c) = 2*c**3 + 20*c**2 - 3624*c - 42919. Calculate j(-12).
-7
Let f(u) = 171245*u - 513530. What is f(3)?
205
Let j(x) = -249*x + 39826. Determine j(160).
-14
Let a(m) = 2*m**3 - 11*m**2 - 3351*m - 13116. Give a(-4).
-16
Let a(t) = -3692*t - 87698. What is a(-24)?
910
Let b(g) = 371*g**2 - 1842*g - 64. What is b(5)?
1
Let s(y) = -9*y**2 + 258*y + 4054. Give s(40).
-26
Let a(o) = -o**3 - 665*o**2 - 4070*o - 700. Give a(-6).
-4
Let v(u) = 9*u**2 + 1405*u - 900. Give v(-156).
-1056
Let m(u) = 13*u**2 + 360*u - 782. What is m(-30)?
118
Let f(m) = -m**3 - 40*m**2 - 88*m - 2287. Determine f(-39).
-376
Let c(h) = 5*h**2 + 1161*h + 25175. Give c(-208).
7
Let t(p) = 3204*p - 1493088. What is t(466)?
-24
Let p(q) = 2667*q**2 - 469403*q + 1930. Calculate p(176).
-6
Let p(r) = 40150*r + 200742. What is p(-5)?
-8
Let j(x) = -2*x**3 - 9*x**2 + 380*x + 2159. Calculate j(-6).
-13
Let d(l) = 188*l + 25377. Determine d(-136).
-191
Let p(w) = -6*w**2 + 66*w - 397. Give p(22).
-1849
Let u(x) = -5*x**2 + 97*x + 1754. Determine u(-19).
-1894
Let s(l) = -46*l - 1545. Calculate s(-9).
-1131
Let w(x) = -249*x - 28593. Calculate w(-116).
291
Let w(q) = 2*q**2 - 8401*q + 876044. Calculate w(107).
35
Let a(l) = l**3 + 38*l**2 - 728*l - 24. Give a(-52).
-24
Let v(h) = 6120*h - 97968. Give v(16).
-48
Let b(z) = -z**3 + 995*z**2 + 55544*z - 57. Calculate b(-53).
-57
Let o(t) = t**3 + 341*t**2 - 1729*t - 14. Calculate o(5).
-9
Let i(b) = 90*b**2 - 2669*b + 24. Calculate i(29).
-1687
Let w(q) = -7*q**3 - 2*q**2 + 478*q + 960. What is w(-2)?
52
Let s(d) = d**3 - 167*d**2 + 1412*d + 103. Determine s(9).
13
Let r(v) = v**3 + 77*v**2 + 68*v - 491. Calculate r(-76).
117
Let l(m) = -m**3 - 61*m**2 - 207*m - 1835. Give l(-58).
79
Let v(h) = -h**2 - 7455*h + 314880. Give v(42).
6
Let r(b) = 4*b**3 - 7*b**2 - 65*b + 28. Give r(-6).
-698
Let p(c) = -56194*c - 1292464. Determine p(-23).
-2
Let c(s) = 3524*s + 3950405. Calculate c(-1121).
1
Let w(r) = 1009*r + 50002. What is w(-49)?
561
Let o(k) = 2*k**3 + 31*k**2 - 34*k - 180. Calculate o(-16).
108
Let h(m) = 100*m**2 - 2599*m + 10. Determine h(26).
36
Let i(d) = -d**2 + 94*d + 13875. Calculate i(173).
208
Let a(w) = -12257*w + 73350. What is a(6)?
-192
Let x(p) = 62*p**2 + 418*p + 292. Give x(-6).
16
Let y(z) = 48*z**2 - 1510*z + 1512. Determine y(1).
50
Let b(z) = 11*z**2 - 177*z - 361. Determine b(-2).
37
Let n(h) = -h**3 + 80*h**2 + 3023*h + 36. Give n(108).
-72
Let o(d) = 306*d - 11567. Calculate o(37).
-245
Let b(c) = -c**3 + 14*c**2 - 347*c + 1721. What is b(6)?
-73
Let v(f) = -6*f**3 - 129*f**2 - 120*f - 254. Give v(-21).
943
Let t(n) = 406*n - 9592. What is t(23)?
-254
Let v(g) = g**2 - 99*g + 2084. Calculate v(62).
-210
Let n(r) = -2086*r + 617442. What is n(296)?
-14
Let y(v) = 1643068*v + 13144549. Give y(-8).
5
Let j(m) = -m**2 - 34*m + 384. What is j(-44)?
-56
Let k(o) = -3545*o + 14859. Give k(4).
679
Let p(x) = x**2 - 124*x + 1909. Calculate p(91).
-1094
Let x(s) = -62066*s + 434486. Determine x(7).
24
Let u(v) = 1119*v - 41434. Calculate u(37).
-31
Let y(g) = -2*g**3 + 565*g - 2222. Determine y(4).
-90
Let p(i) = 4998*i**2 + 129947*i + 29. Determine p(-26).
55
Let t(i) = 3*i**3 + 203*i**2 + 171*i + 2457. Give t(-67).
-22
Let d(a) = 2*a**3 + 66*a**2 - 8*a - 1473. What is d(-32)?
831
Let w(r) = -1541*r + 84684. Calculate w(55).
-71
Let w(t) = -153788*t + 1383949. Calculate w(9).
-143
Let o(w) = -320*w**